{"id":357,"date":"2020-04-09T21:42:54","date_gmt":"2020-04-09T21:42:54","guid":{"rendered":"http:\/\/blogs.sd41.bc.ca\/aubrey-library\/?page_id=357"},"modified":"2020-06-24T17:22:38","modified_gmt":"2020-06-24T17:22:38","slug":"intermediate-puzzles","status":"publish","type":"page","link":"https:\/\/blogs.sd41.bc.ca\/aubrey-library\/intermediate-puzzles\/","title":{"rendered":"Intermediate Puzzles"},"content":{"rendered":"<h3>week of june 22<\/h3>\n<h4>Some students this week have been asking me if I knew any riddles, so here you go.\u00a0 Mind you, they are not ones I have made up myself (found at Riddles.com\/frenchtoday.com) but fun nonetheless!<\/h4>\n<p>&nbsp;<\/p>\n<p>1. I am not alive, but I grow; I don&#8217;t have lungs, but I need air; I don&#8217;t have a mouth, but water kills me. What am I?<\/p>\n<p>2.\u00a0 I am something people love or hate. I change peoples appearances and thoughts. If a person takes care of them self I will go up even higher. To some people I will fool them. To others I am a mystery. Some people might want to try and hide me but I will show. No matter how hard people try I will Never go down. What am I?<\/p>\n<p>3.\u00a0 Je traverse les vitres sans les casser, qui suis-je ?<\/p>\n<p>And a Joke:<\/p>\n<p>Le ma\u00eetre s\u2019adresse \u00e0 ses \u00e9l\u00e8ves :<br \/>\n\u2013 Je vais vous rendre vos devoirs de math\u00e9matiques. Il s\u2019agissait d\u2019un probl\u00e8me de robinet qui fuit. Toto, tu n\u2019as rien r\u00e9pondu mais tu as \u00e9crit un num\u00e9ro de t\u00e9l\u00e9phone. Pourquoi ?<br \/>\n\u2013 C\u2019est celui de mon p\u00e8re, m\u2019sieur, il est plombier\u2026<\/p>\n<p>&nbsp;<\/p>\n<p>Answers:<\/p>\n<ol>\n<li>\u00a0Fire<\/li>\n<li>Age<\/li>\n<li>\u00a0Les rayons de soleil\u00a0 (Sunbeam)<\/li>\n<\/ol>\n<p>&nbsp;<\/p>\n<h3>week of june 15<\/h3>\n<h4>As Summer break draws near, let&#8217;s do something a little fun that requires a bit of brain work.\u00a0 <a href=\"https:\/\/sd41-my.sharepoint.com\/:w:\/g\/personal\/e19983_burnabyschools_ca\/EfakbFnQM1RBjpvSvCtCF4oBTElCj8deDFKHVFgTiuPe5Q?e=A3XBjJ\">CLICK HERE<\/a> for a Riddle Scavenger Hunt of things you can find around the house!<\/h4>\n<h4>These riddles are from jaxmomsblog.com &amp; alexanderabagil.socimatic.ooo<\/h4>\n<h4><\/h4>\n<p>&nbsp;<\/p>\n<h3>week of june 8<\/h3>\n<p>These logic puzzles are from parade.com<\/p>\n<h4>1.\u00a0 A girl meets a lion and unicorn in the forest. The lion lies every Monday, Tuesday and Wednesday and the other days he speaks the truth. The unicorn lies on Thursdays, Fridays and Saturdays, and the other days of the week he speaks the truth. \u201cYesterday I was lying,\u201d the lion told the girl. \u201cSo was I,\u201d said the unicorn. What day is it?<\/h4>\n<p>&nbsp;<\/p>\n<h4>2.\u00a0 Four people are crossing a bridge at night, so they all need a torch\u2014but they just have one that only lasts 15 minutes. Alice can cross in one minute, Ben in two minutes, Cindy in five minutes and Don in eight minutes. No more than two people can cross at a time; and when two cross, they have to go at the slower person\u2019s pace. How do they get across in 15 minutes?<\/h4>\n<p>&nbsp;<\/p>\n<h3>week of june 1<\/h3>\n<h4>1. Let&#8217;s get our brains working with some fun crosswords!\u00a0 This website has many crosswords to choose from on various themes, and various levels of difficulty.\u00a0 Try this one first but you&#8217;re welcome to try others too!<\/h4>\n<p><a href=\"https:\/\/www.funtrivia.com\/crossword\/play.cfm?gid=1518\">OPPOSITE CROSSWORD<\/a><\/p>\n<h4>2. For FRIMM students, try this crossword!\u00a0 Make sure your answers are in FRENCH!<\/h4>\n<p><span style=\"color: #ff0000;\"><a style=\"color: #ff0000;\" href=\"http:\/\/blogs.sd41.bc.ca\/aubrey-library\/files\/2020\/06\/crossword-Famille.doc\">Crossword Famille<\/a><\/span><\/p>\n<p>&nbsp;<\/p>\n<h3>week of may 25<\/h3>\n<h4>This week I thought we&#8217;d explore something a little different.\u00a0 They are called WORD WHEELS.\u00a0 If you know the game BOGGLE it&#8217;s a bit like that.\u00a0 You must spell out as many words as you can find BUT you MUST use the middle letter in each word and you can only use each letter once.<\/h4>\n<h4>1. Click <a href=\"https:\/\/lovattspuzzles.com\/online-puzzles-competitions\/wheel-words\/\">HERE<\/a> to play!<\/h4>\n<p>CHALLENGE: CAN YOU SPELL ANY FRENCH WORDS?<\/p>\n<p>&nbsp;<\/p>\n<h4>2.\u00a0 \u00a0For your second puzzle of the week, you&#8217;re going online to play a game called <a href=\"https:\/\/lovattspuzzles.com\/kids\/childrens-online-puzzles\/quadra\/\">QUADRA<\/a>.\u00a0 Essentially you are highlighting a square or rectangle in which all four corners are the same color.\u00a0 Read the instructions carefully and have fun!<\/h4>\n<p>&nbsp;<\/p>\n<h3>week of may 18<\/h3>\n<h4><img loading=\"lazy\" class=\"alignleft wp-image-675\" src=\"http:\/\/blogs.sd41.bc.ca\/aubrey-library\/files\/2020\/05\/pic-sudoku-300x200.jpg\" alt=\"\" width=\"231\" height=\"154\" srcset=\"https:\/\/blogs.sd41.bc.ca\/aubrey-library\/files\/2020\/05\/pic-sudoku-300x200.jpg 300w, https:\/\/blogs.sd41.bc.ca\/aubrey-library\/files\/2020\/05\/pic-sudoku-1024x682.jpg 1024w, https:\/\/blogs.sd41.bc.ca\/aubrey-library\/files\/2020\/05\/pic-sudoku-768x512.jpg 768w, https:\/\/blogs.sd41.bc.ca\/aubrey-library\/files\/2020\/05\/pic-sudoku-800x533.jpg 800w, https:\/\/blogs.sd41.bc.ca\/aubrey-library\/files\/2020\/05\/pic-sudoku.jpg 640w\" sizes=\"(max-width: 231px) 100vw, 231px\" \/><\/h4>\n<h4>This weeks puzzle is a Sudoku.\u00a0 There are Sudoku&#8217;s in newspapers, books and online.\u00a0 You must place numbers 1-9 in each vertical line, horizontal line, and in each 3&#215;3 box.<\/h4>\n<p>&nbsp;<\/p>\n<p><a href=\"https:\/\/sudoku.com\/hard\/\">CLICK HERE<\/a> for a HARD Sudoku.\u00a0 If it is too challenging, you can always click the arrow button for the drop down menu to select your level of difficulty.\u00a0 Though if you&#8217;re a whiz at Sudoku&#8217;s you could challenge yourself even more by choosing the &#8220;EXPERT&#8221; level!\u00a0 Have fun and look out for other Sudoku&#8217;s in magazines, books and newspapers.<\/p>\n<h3><\/h3>\n<h3>week of may 11<\/h3>\n<h4>This week&#8217;s puzzle&#8217;s are word scrambles.\u00a0 The letters in these words have been mixed up and you must put the letters in order to find out what the word is!\u00a0 Hint: They are all about SCHOOL!<\/h4>\n<ol>\n<li>epyoGgrha<\/li>\n<li>mCproute bla<\/li>\n<li>cuisM<\/li>\n<li>ltnSie diRaeng<\/li>\n<li>dsirpLaeeh<\/li>\n<li>cuLnh<\/li>\n<li>ekmwHoor<\/li>\n<li>gnPauolyrd<\/li>\n<\/ol>\n<h4>Et en Francais:<\/h4>\n<ol>\n<li>nlaMues<\/li>\n<li>ceitSreaer<\/li>\n<li>tcpohPoourie (m)<\/li>\n<li>msanGey<\/li>\n<li>sresorPfuee\u00a0 (f)<\/li>\n<li>looCriu<\/li>\n<li>teuEds liaseSco<\/li>\n<li>aL ehooiTcnlge<\/li>\n<\/ol>\n<p>&nbsp;<\/p>\n<h3>week of may 4<\/h3>\n<h4>Today&#8217;s puzzle is a challenging word search of various dog breeds from puzzles.ca.\u00a0 Good luck and have fun!<\/h4>\n<h4>Click <a href=\"https:\/\/www.puzzles.ca\/wordsearch\/dogs.html\">HERE<\/a> to print it or just have a look below!<\/h4>\n<p>&nbsp;<\/p>\n<h3><img loading=\"lazy\" class=\"alignnone wp-image-620\" src=\"http:\/\/blogs.sd41.bc.ca\/aubrey-library\/files\/2020\/05\/int-word-search-236x300.png\" alt=\"\" width=\"262\" height=\"333\" srcset=\"https:\/\/blogs.sd41.bc.ca\/aubrey-library\/files\/2020\/05\/int-word-search-236x300.png 236w, https:\/\/blogs.sd41.bc.ca\/aubrey-library\/files\/2020\/05\/int-word-search.png 483w\" sizes=\"(max-width: 262px) 100vw, 262px\" \/><\/h3>\n<p>&nbsp;<\/p>\n<h4>And for French immersion students, <a href=\"https:\/\/sd41-my.sharepoint.com\/:b:\/g\/personal\/e19983_burnabyschools_ca\/Efcz60Xx2-FMuHS9zBEdCg8BQh_NkJxcx-H6hGQguUj4PQ?e=RmpBXl\">Click HERE<\/a> for a French verb word sheet or have a look below.\u00a0 This one is from teacherspayteachers.com!\u00a0 Have fun.<\/h4>\n<p><img src=\"https:\/\/ecdn.teacherspayteachers.com\/thumbitem\/French-Word-Find-ER-Verbs-4870674-1568630410\/original-4870674-1.jpg\" alt=\"French Word Find - ER Verbs\" \/><\/p>\n<h3><\/h3>\n<p>&nbsp;<\/p>\n<h3>week of april 27<\/h3>\n<h4>This week&#8217;s puzzles are tongue twisters!\u00a0 This first one is supposedly the toughest tongue twister in the world according to some MIT researchers (usatoday.com)!\u00a0 Can you do it?<\/h4>\n<p><strong>1. &#8220;Pad kid poured curd pulled cod&#8221;<\/strong><\/p>\n<p>&nbsp;<\/p>\n<p>Et en Francais du justfrenchit.com:<\/p>\n<p><strong>2. Si six scies scient six cypr\u00e8s, six cent scies scient six cent cypr\u00e8s. \u2013 If six saw saw six cypress, six hundred saw saw six hundred cypress.<\/strong><\/p>\n<p>Can you say THAT 5 times in a row?<\/p>\n<p>&nbsp;<\/p>\n<p>&nbsp;<\/p>\n<h3>week of april 20<\/h3>\n<p>1. <em><span style=\"text-decoration: underline;\">Logic Puzzle<\/span><\/em><\/p>\n<p>A man has 53 socks in his drawer: 21 identical blue, 15 identical black and 17 identical red. The lights are out and he is completely in the dark. How many socks must he take out to make 100 percent certain he has at least one pair of black socks?<\/p>\n<p>&nbsp;<\/p>\n<p>2.\u00a0 Riddle: en francais:<\/p>\n<p>Qu\u2019est-ce qui commence par E,<\/p>\n<p>qui finit par E<\/p>\n<p>et qui ne contient qu\u2019une seule lettre ?<\/p>\n<p>&nbsp;<\/p>\n<h3>Week of april 13th<\/h3>\n<h4><a href=\"https:\/\/www.jigsawexplorer.com\/online-jigsaw-puzzle-player.html?puzzle_id=gaeta\">1.\u00a0 \u00a0Like Jigsaws?\u00a0 \u00a0 Click Here!<\/a><\/h4>\n<p>&nbsp;<\/p>\n<p><em><span style=\"text-decoration: underline;\">2. OPEN THE LOCK!<\/span><\/em><\/p>\n<p><img loading=\"lazy\" class=\"alignright wp-image-493\" style=\"font-size: 14px;\" src=\"http:\/\/blogs.sd41.bc.ca\/aubrey-library\/files\/2020\/04\/PIC-lock-200x300.jpg\" alt=\"\" width=\"165\" height=\"248\" srcset=\"https:\/\/blogs.sd41.bc.ca\/aubrey-library\/files\/2020\/04\/PIC-lock-200x300.jpg 200w, https:\/\/blogs.sd41.bc.ca\/aubrey-library\/files\/2020\/04\/PIC-lock-683x1024.jpg 683w, https:\/\/blogs.sd41.bc.ca\/aubrey-library\/files\/2020\/04\/PIC-lock-768x1152.jpg 768w, https:\/\/blogs.sd41.bc.ca\/aubrey-library\/files\/2020\/04\/PIC-lock-1024x1536.jpg 1024w, https:\/\/blogs.sd41.bc.ca\/aubrey-library\/files\/2020\/04\/PIC-lock-533x800.jpg 533w, https:\/\/blogs.sd41.bc.ca\/aubrey-library\/files\/2020\/04\/PIC-lock.jpg 320w\" sizes=\"(max-width: 165px) 100vw, 165px\" \/><\/p>\n<p>Can you open a 3 digit lock with the following clues?<\/p>\n<p>682\u00a0 \u00a0 One digit is correct and in it&#8217;s correct place.<\/p>\n<p>614\u00a0 \u00a0 \u00a0One digit is correct but in the wrong place.<\/p>\n<p>206\u00a0 \u00a0 Two digits are correct but both are in the wrong place.<\/p>\n<p>738\u00a0 \u00a0 \u00a0All digits are wrong.<\/p>\n<p>380\u00a0 \u00a0 One digit is correct but in the wrong place.<\/p>\n","protected":false},"excerpt":{"rendered":"<p>week of june 22 Some students this week have been asking me if I knew any riddles, so here you go.\u00a0 Mind you, they are not ones I have made up myself (found at Riddles.com\/frenchtoday.com) but fun nonetheless! &nbsp; 1. &hellip; <a href=\"https:\/\/blogs.sd41.bc.ca\/aubrey-library\/intermediate-puzzles\/\">Continue reading <span class=\"meta-nav\">&rarr;<\/span><\/a><\/p>\n","protected":false},"author":8502,"featured_media":0,"parent":0,"menu_order":0,"comment_status":"closed","ping_status":"closed","template":"","meta":[],"_links":{"self":[{"href":"https:\/\/blogs.sd41.bc.ca\/aubrey-library\/wp-json\/wp\/v2\/pages\/357"}],"collection":[{"href":"https:\/\/blogs.sd41.bc.ca\/aubrey-library\/wp-json\/wp\/v2\/pages"}],"about":[{"href":"https:\/\/blogs.sd41.bc.ca\/aubrey-library\/wp-json\/wp\/v2\/types\/page"}],"author":[{"embeddable":true,"href":"https:\/\/blogs.sd41.bc.ca\/aubrey-library\/wp-json\/wp\/v2\/users\/8502"}],"replies":[{"embeddable":true,"href":"https:\/\/blogs.sd41.bc.ca\/aubrey-library\/wp-json\/wp\/v2\/comments?post=357"}],"version-history":[{"count":45,"href":"https:\/\/blogs.sd41.bc.ca\/aubrey-library\/wp-json\/wp\/v2\/pages\/357\/revisions"}],"predecessor-version":[{"id":817,"href":"https:\/\/blogs.sd41.bc.ca\/aubrey-library\/wp-json\/wp\/v2\/pages\/357\/revisions\/817"}],"wp:attachment":[{"href":"https:\/\/blogs.sd41.bc.ca\/aubrey-library\/wp-json\/wp\/v2\/media?parent=357"}],"curies":[{"name":"wp","href":"https:\/\/api.w.org\/{rel}","templated":true}]}}